/(-3)*(24 + -22). Calculate the highest common divisor of h and 1854.
18
Let y be (-1)/(5 - 48/9). Suppose a - 119 = -y*i, 3*i + 38 = 5*a + 181. Let h = i - 19. Calculate the greatest common factor of h and 121.
11
Let i(j) = -276*j + 21. Let x be i(-1). Suppose 0 = 6*o - x - 213. Calculate the highest common divisor of 595 and o.
85
Suppose -2*g = 2*g - 216. Suppose -174*f + 167*f = -56. Suppose -f*a + 1865 - 1649 = 0. Calculate the highest common factor of a and g.
27
Let g = 9778 + -9763. Calculate the greatest common divisor of 10110 and g.
15
Let q be (15 + -12)/(3/(-4)). Let g(s) = -20*s + 2. Let a be g(q). Suppose 2*m = 46 + a. Calculate the greatest common factor of m and 16.
16
Let w = -5 - -68. Let s be (-1 + 3)/((-8)/156). Let t = w + s. Calculate the highest common divisor of 16 and t.
8
Let o = -126 + 126. Suppose 3*p + o*p = 252. Suppose 5*g - 12 = -2*i + 18, 4*g = -4*i + p. What is the greatest common divisor of 5 and i?
5
Suppose -100*u - 55012 + 306112 = 0. Calculate the highest common factor of u and 243.
81
Let v be (-4)/(-18) + (5 - (-3261)/27). Suppose 0 = 6*f - 9 - 159. What is the greatest common divisor of v and f?
14
Let t(z) be the third derivative of 11*z**5/30 - 34*z**2. Let p be t(1). Let d = p + -14. Calculate the greatest common factor of d and 24.
8
Suppose 2*l + p - 8 = 316, 0 = -2*p - 8. What is the highest common divisor of l and 6068?
164
Suppose 0 = 218199*r - 218250*r + 2907. Let g be ((-1938)/(-8))/(2/8). What is the highest common divisor of g and r?
57
Let s be (0*(-2)/6)/(1 + 0). Let h be (-2 - s)/((-9)/243). Let l(x) = x**2 - 7*x + 18. Let n be l(4). What is the greatest common divisor of h and n?
6
Let v = 2722 - 2050. Calculate the greatest common divisor of 315 and v.
21
Let o(s) = -s**3 + 7*s**2 - 12*s + 16. Let x(t) = 5*t**2 + 81*t + 19. Let u be x(-16). Let j be o(u). What is the greatest common factor of j and 176?
16
Let i = 26458 + -20207. Calculate the greatest common factor of i and 38.
19
Suppose 5*d + h - 184 = 215, 0 = d + 2*h - 69. Suppose 3*i + 7*q - 4*q - 1953 = 0, -5*i + q = -3237. What is the highest common factor of i and d?
81
Let v be (111 - 0)/((-4)/((-480)/18)). What is the greatest common factor of 40 and v?
20
Let a(i) = -6*i**3 - 69*i**2 - 35*i - 2. Let f be a(-11). Calculate the greatest common factor of 555 and f.
5
Let d(l) = 2*l**3 - 170*l**2 + 3. Let z be d(85). Calculate the highest common divisor of 3 and z.
3
Let y(q) = -51*q + 915. Let o be y(13). What is the greatest common factor of 672 and o?
84
Suppose 108*r - 60 = 98*r. Calculate the greatest common factor of 3642 and r.
6
Let f be 49/28*4728/6. What is the greatest common divisor of 7 and f?
7
Let n be 3/(7 + -1)*-8. Let z be 2 + 7 + 16/n. Suppose 3*q - 104 = z*t, 3*t = -4*q - 0*q + 100. Calculate the greatest common divisor of q and 7.
7
Suppose -4*h + 544 = 4*t, t - 36*h - 164 = -33*h. Suppose y - 4*y = -273. Calculate the greatest common factor of t and y.
13
Suppose 0 = 2*w - 4*w + 54. Let l be (-14)/(-196)*0 - 12/(-2). Let n = w - l. Calculate the greatest common factor of 84 and n.
21
Let y = 56 + -58. Let u be y - 33/(-15) - 82/10. Let k = u - -33. What is the highest common factor of k and 25?
25
Let k = -7391 + 7591. What is the highest common divisor of 4100 and k?
100
Let m = 4769 - 3707. What is the greatest common divisor of m and 472?
118
Let c(u) = -3*u + 75. Let r be c(11). Calculate the highest common factor of r and 826.
14
Let r = -2473 + 2481. What is the greatest common divisor of r and 242?
2
Let m(h) = 259*h + 4443. Let n be m(-17). What is the greatest common factor of n and 688?
8
Let q(j) = 18*j**3 - j**2 + j - 4. Let k(d) = 13*d + 94. Let c be k(-7). Let r be q(c). Calculate the greatest common divisor of r and 84.
28
Let d = -7427 + 7557. What is the highest common divisor of d and 208?
26
Let f = -808 - -808. Suppose 19*g - 260 + 127 = f. Suppose 3*j + 70 = 8*j. What is the highest common factor of g and j?
7
Let q = 181 - -25. Suppose -t - 188 = -q. Calculate the highest common factor of 36 and t.
18
Let y be (-39)/3 + 9411/9*3. Calculate the greatest common divisor of y and 71.
71
Let j(d) = 5*d**2 - 6*d - 24. Let i be j(-6). What is the highest common factor of 2856 and i?
24
Let c(s) = 1 - 22*s**3 + 4*s + 309*s**2 - 303*s**2 - 3*s**3. Let b be c(-2). What is the greatest common divisor of b and 62?
31
Let k(a) = -a**3 - 3*a**2 + 61*a + 13. Let r be k(-18). Suppose 10*d + 475 - r = 0. What is the greatest common divisor of d and 30?
30
Let n be (2/(-3))/((-2)/(-3)). Let a be 1*(0 - n - -18). Let o = 360 + -303. What is the highest common divisor of o and a?
19
Let v(o) = 2*o**2 - 49*o - 31. Let d be v(26). Calculate the highest common divisor of 3149 and d.
47
Let a be (5 + 12 + -18)/(2/(-6)). Suppose -a*w + 380 = 5*o, -2*o + o + 1 = 0. Calculate the highest common divisor of w and 100.
25
Let x = -1365 - -1926. Suppose 0 = -4*w - 5*l + x, 0 = 2*w - 0*w - 5*l - 303. Calculate the highest common divisor of 40 and w.
8
Suppose 16*a - 16*a - 57*a + 79344 = 0. Calculate the greatest common divisor of 29 and a.
29
Suppose 0*u + 4*a + 202 = 5*u, 116 = 3*u - 5*a. Suppose 0 = u*k - 44*k + 16. Let i be ((-92)/k)/((-5)/10). What is the highest common factor of 92 and i?
23
Suppose 0 = -7*z - 679 + 728. Suppose 0 = 5*n - z*n + 170. What is the greatest common factor of 20 and n?
5
Suppose 8*d = 10*d - 4. Suppose -f - 4*f = -2*y - 4, y = -d*f - 11. Let g be ((-4)/(-14) - 12/y)*24. Calculate the greatest common divisor of 48 and g.
48
Let m(l) = 177*l + 375. Let x be m(-1). Calculate the highest common factor of 154 and x.
22
Suppose -5*j = -19805 + 13045. What is the greatest common divisor of j and 520?
104
Let z be 14856/64 + (-21)/168. What is the highest common factor of z and 203?
29
Suppose -5*f - 20650 = -5*v, 2*v + 950*f = 945*f + 8225. Calculate the highest common factor of 200 and v.
25
Suppose -4 = -16*g + 14*g. Let c(f) = 30*f**3 - 2*f**2 + 2*f - 8. Let b be c(g). Calculate the greatest common factor of b and 12.
12
Suppose 2*f + 359 = -89. Let d be 3/2*f/(-6). What is the highest common factor of 448 and d?
56
Let n(f) = 3*f**2 + f - 2. Let y be n(1). Let x be (0 - (-4 - -3)) + 3. Suppose x*a = 7 + 9. What is the greatest common factor of y and a?
2
Let c = 15951 + -15727. What is the highest common factor of 868 and c?
28
Suppose -4*x = x + 45. Let b(s) be the third derivative of -7*s**4/24 + 2*s**3 - 6*s**2 - 19. Let j be b(x). What is the greatest common factor of j and 15?
15
Let y(d) = -d**3 + d**2 - d - 39. Let v be y(0). Let i be 17 + 60/(-10) + -68. Let c = v - i. Calculate the greatest common divisor of 54 and c.
18
Let o(y) = 8*y**2 - y + 2. Let l(t) = t**2 - t - 2. Let q(b) = -6*l(b) + o(b). Let d be q(-2). What is the highest common factor of 32 and d?
4
Let q = -4952 + 9299. What is the highest common factor of 126 and q?
63
Let r = 1139 + -578. Let g = -436 + r. What is the greatest common factor of 150 and g?
25
Let w(s) = -2*s - 20. Let n be w(-6). Let b = n - 18. Let u be (-11 - b)/((-6)/(-4)). What is the greatest common factor of u and 2?
2
Suppose -7*h = -2*h. Let r(m) = 17*m - 82. Let x be r(5). Suppose h = x*p + 77 - 101. Calculate the highest common divisor of p and 136.
8
Suppose -49*p + 5353 = 34*p - 2615. Suppose -802 = -5*g - 2*t, -478 = -g - 2*g + 2*t. What is the highest common divisor of p and g?
32
Suppose -a = m - 291, 820 = 3*m - a - 65. Let u(w) = -21*w. Let l be u(-2). What is the greatest common factor of l and m?
42
Let x(i) = 32*i**2 + 30*i + 222. Let m be x(-6). What is the greatest common factor of 18 and m?
6
Let k be 2 - (-51)/(-7) - (-4)/14. Let g be k/(1 + (-33)/18) + 0. Suppose -g = 3*t - 4*q, -2*q - 3 - 1 = -5*t. Calculate the greatest common divisor of t and 8.
2
Let s = -2808 + 2998. What is the greatest common factor of 20 and s?
10
Suppose 0 = 25*z + 1469 + 3531. Let v = z - -236. Calculate the greatest common divisor of 63 and v.
9
Let u(s) = s**2 + 2*s - 3. Let w be u(6). Let z be 456 - (-1*2)/((-15)/45). What is the greatest common divisor of w and z?
45
Suppose 6937 - 19755 = -29*q. Suppose -q + 1126 = 19*f. Calculate the greatest common divisor of 16 and f.
4
Suppose 3*s + 2*s + 2*f - 66 = 0, 0 = -4*s - 5*f + 63. Let g